 highest common factor of 1042199 and 3609?
401
Calculate the greatest common divisor of 11538184 and 28.
28
Calculate the highest common divisor of 2600 and 6517400.
200
What is the greatest common divisor of 573 and 366518877?
573
Calculate the greatest common factor of 10512 and 4564544.
1168
What is the highest common factor of 249 and 216749603?
83
Calculate the greatest common divisor of 38386530 and 4644.
774
Calculate the greatest common factor of 109551467 and 82.
41
Calculate the highest common factor of 8152057 and 2.
1
What is the highest common divisor of 14544165 and 69?
69
What is the highest common factor of 2548 and 19214?
26
Calculate the highest common factor of 1797986 and 170543.
857
Calculate the greatest common factor of 1311 and 8256184.
19
What is the highest common divisor of 4500 and 213381750?
750
What is the greatest common factor of 10049490 and 2420?
110
Calculate the greatest common divisor of 2498283 and 1863.
1863
What is the highest common divisor of 3388194 and 963?
9
What is the highest common divisor of 1083894976 and 608?
608
Calculate the greatest common factor of 31977 and 613201611.
10659
Calculate the greatest common divisor of 348537836 and 17048.
8524
What is the greatest common factor of 157028253 and 1398?
699
Calculate the highest common factor of 33109 and 293.
293
Calculate the highest common factor of 939143 and 23653106.
8311
Calculate the highest common factor of 612 and 1480734.
306
Calculate the highest common factor of 142315 and 505.
5
What is the greatest common factor of 1588390 and 3105370?
1930
Calculate the greatest common factor of 22572 and 394119.
297
What is the highest common divisor of 11253 and 647497?
31
What is the highest common factor of 45165953 and 387?
43
Calculate the greatest common factor of 18159651 and 3555.
711
What is the highest common divisor of 23761617 and 201?
201
Calculate the highest common divisor of 15979585 and 21720.
905
Calculate the greatest common divisor of 2959 and 5680631.
11
Calculate the highest common divisor of 19472660 and 5.
5
What is the highest common divisor of 72 and 4292520?
24
What is the greatest common factor of 7524 and 9907854?
1254
What is the greatest common factor of 14871 and 29451?
3
Calculate the greatest common factor of 1374042 and 4513494.
4254
What is the highest common divisor of 1620 and 3237804?
36
What is the greatest common divisor of 11616 and 43868?
44
Calculate the greatest common factor of 26886 and 35682203.
4481
Calculate the greatest common factor of 5735 and 52653655.
155
What is the greatest common divisor of 35305 and 739870?
1535
Calculate the highest common factor of 270642 and 1247.
43
Calculate the greatest common divisor of 8 and 347463.
1
Calculate the greatest common divisor of 27098028 and 83732.
692
What is the highest common factor of 14492160 and 777240?
6120
Calculate the highest common factor of 76615 and 1408680.
35
What is the highest common factor of 45 and 30899070?
45
Calculate the greatest common factor of 1232742 and 1323.
147
Calculate the highest common factor of 168819 and 182.
7
What is the greatest common factor of 368 and 63463739?
23
What is the greatest common divisor of 2618 and 2776270?
238
Calculate the highest common divisor of 47073 and 950619.
213
Calculate the highest common divisor of 98291420 and 20415.
6805
Calculate the greatest common divisor of 26381775 and 175.
175
Calculate the highest common divisor of 766719 and 1346193.
1971
What is the highest common factor of 20 and 80894150?
10
Calculate the greatest common factor of 12 and 1611088.
4
Calculate the greatest common factor of 452 and 203430058.
226
What is the greatest common divisor of 61736454 and 195?
39
What is the highest common divisor of 9639 and 600270102?
1377
Calculate the greatest common divisor of 12722897 and 11.
11
Calculate the highest common divisor of 527 and 15399467.
527
Calculate the greatest common divisor of 4860 and 1161780.
60
What is the greatest common divisor of 24624468 and 484?
484
Calculate the greatest common divisor of 98852 and 321932.
52
What is the highest common factor of 193925940 and 4134?
4134
Calculate the highest common factor of 626468 and 23484.
76
Calculate the highest common divisor of 435 and 1418812095.
435
Calculate the greatest common divisor of 94887940 and 115290.
4270
Calculate the greatest common factor of 11147080 and 100.
20
What is the greatest common divisor of 630 and 193055?
5
What is the highest common divisor of 464544 and 1466217?
14517
Calculate the greatest common factor of 1948055 and 1336.
167
Calculate the greatest common factor of 50968344 and 568.
568
What is the highest common factor of 250 and 1402070?
10
What is the highest common factor of 413706 and 80142?
2166
What is the highest common factor of 92807 and 104893327?
7139
What is the highest common divisor of 415478 and 70?
14
Calculate the greatest common divisor of 341 and 33583.
11
Calculate the highest common factor of 16566 and 259446.
66
What is the greatest common factor of 14013822 and 6?
6
What is the highest common divisor of 103736 and 72056?
8
Calculate the highest common divisor of 699 and 5106195.
699
What is the greatest common factor of 984607 and 7774?
299
What is the greatest common factor of 2898 and 950859?
63
What is the greatest common divisor of 6072650 and 300?
50
Calculate the highest common divisor of 2535 and 1819695.
15
Calculate the greatest common factor of 154728 and 106204.
28
Calculate the highest common factor of 6925 and 72575.
25
What is the greatest common divisor of 60424 and 582764?
364
What is the highest common factor of 28008 and 304636014?
7002
Calculate the greatest common factor of 31488 and 130048.
256
Calculate the highest common divisor of 35040 and 1960.
40
What is the greatest common divisor of 386441 and 55?
11
What is the greatest common divisor of 58514 and 43962?
34
What is the highest common factor of 9135796 and 1888?
236
Calculate the greatest common divisor of 3950 and 10826160.
790
Calculate the highest common divisor of 259124250 and 49.
49
What is the greatest common factor of 4851 and 1142484?
147
What is the highest common factor of 78398 and 76?
2
Calculate the highest common factor of 10858 and 229000649.
5429
What is the highest common factor of 1235766 and 84?
42
What is the greatest common divisor of 459 and 269705?
17
What is the highest common factor of 12969796 and 182?
14
What is the highest common factor of 23998 and 1025666?
142
What is the greatest common divisor of 135016 and 3464607?
2411
What is the greatest common divisor of 8 and 239452?
4
What is the greatest common factor of 19820 and 38883867?
991
Calculate the greatest common divisor of 1664 and 39442560.
128
What is the highest common divisor of 826197534 and 6?
6
Calculate the highest common factor of 7895320 and 16.
8
Calculate the greatest common divisor of 28657182 and 15425.
617
Calculate the greatest common factor of 100 and 13473100.
100
What is the greatest common divisor of 5467272 and 53928?
2568
Calculate the greatest common divisor of 963858964 and 8392.
4196
Calculate the highest common factor of 1199 and 2053711.
11
Calculate the highest common factor of 429 and 3517943.
143
What is the highest common factor of 256 and 1054128?
16
What is the greatest common factor of 133133 and 38269?
539
What is the greatest common divisor of 1111 and 394203?
101
Calculate the greatest common factor of 10 and 32372500.
10
What is the highest common factor of 680 and 3091747840?
680
Calculate the highest common divisor of 1537 and 51763086.
1537
Calculate the highest common factor of 3533966 and 8177878.
12758
What is the greatest common factor of 2531022 and 11433?
111
What is the greatest common factor of 516 and 6964320?
12
What is the highest common factor of 525 and 415135?
35
What is the greatest common factor of 624 and 13154544?
624
Calculate the greatest common factor of 1282 and 15167983.
641
What is the greatest common factor of 28033 and 85581451?
1649
What is the highest common factor of 22197 and 26242743?
453
What is the greatest common factor of 65246 and 269266?
202
Calculate the greatest common divisor of 7930 and 3671812040.
7930
